 -2*i - 2. Let y be q(-10). Suppose a + 21 = 4*f - y, 101 = -3*a - 4*f. Let k be 56/a*(0 - 5). Calculate the highest common divisor of k and 1.
1
Suppose -2*p + 1802 = -166*u + 162*u, -4*p + 4*u = -3588. What is the greatest common factor of 19 and p?
19
Suppose 3*a - 2*s - 225 = 3*s, 5*s = a - 85. Let q(u) = -u**2 + 2*u + 45. Let w be q(7). What is the highest common factor of w and a?
10
Suppose 2*j + 0*j + 10 = 0, -2*j - 30 = -4*g. Suppose 4*s - 108 = 2*o, g*o + 104 = 4*s + o. What is the highest common factor of s and 21?
7
Suppose t = 2*t - 4. Suppose -m + 0*m + t = 0. Let x = m - -20. Calculate the highest common factor of x and 8.
8
Let z(k) = 3*k + 6. Let b be z(9). Suppose 0 = -n + b + 11. Let m be 300/80 + (1/(-4))/(-1). What is the highest common divisor of n and m?
4
Let q(h) = 28*h - 774. Let j be q(28). What is the highest common divisor of 40 and j?
10
Let p = 1286 - 1280. Let d(x) = 2*x**2 - x - 1. Let t be d(-5). Calculate the highest common factor of t and p.
6
Suppose -12 = 5*p - 37. Suppose p*v - 8*v + 513 = 0. Calculate the greatest common divisor of 19 and v.
19
Let r be 1/(-3) - (-161)/(-21). Let f = 15 + r. Let g(p) = p**2 - 5*p - 13. Let j be g(f). Calculate the highest common factor of 3 and j.
1
Suppose 4*c = -5 + 17. Let k be 4*c/(-18)*-3. Let y be 73/4 + 2/(-8). What is the highest common factor of k and y?
2
Suppose 288 = -575*j + 583*j. Calculate the greatest common divisor of j and 63.
9
Let c be (-822)/(-2 - 4) - 1*4. Let w = 233 + -214. What is the greatest common divisor of c and w?
19
Let m be (0 - (-12)/66) + 31/11. Suppose 4*l - 4*f = f + 135, 0 = -4*l + 2*f + 126. Suppose -3*s = 2*s - l. Calculate the highest common factor of m and s.
3
Let r = -189 - -345. Calculate the highest common divisor of r and 48.
12
Suppose r = -2*z + 221, -3*r = -4*z + r + 436. Calculate the greatest common divisor of z and 176.
22
Suppose 0 = t + 5*k + 20, 14 = -3*t + 2*k + 5. Let f = t + 17. Let z = 456 - 432. What is the greatest common factor of f and z?
12
Let c(u) be the second derivative of 17*u**4/6 - u**3/6 + u**2/2 - 14*u. Let f be c(1). Calculate the highest common divisor of f and 85.
17
Let s be (-12)/(0 - 3/10). Let g be ((-2464)/(-220))/(2/5). Let c be (-36)/(-252) - 6/g*-74. What is the highest common divisor of c and s?
8
Suppose k - 2 = -1, -k - 854 = -3*g. What is the highest common factor of g and 15?
15
Suppose 20*j = 11*j + 126. Suppose 19 = 3*l + 2*x, -l + 11 = -x + 3. Calculate the greatest common factor of l and j.
7
Suppose 2808 = 24*q + 3*q. Suppose -51 = 5*t - 181. Calculate the greatest common divisor of q and t.
26
Let m = 140 + -130. Calculate the highest common factor of m and 40.
10
Let s be 4/(-20) + 571/5. Suppose -2*q = -s - 12. Suppose -7*y = 5*n - 2*y - 60, 4*n = -5*y + 51. Calculate the greatest common divisor of n and q.
9
Let o(p) = -6*p**2 + 6*p - 1. Let m be o(4). Let z = -130 - m. Let g = 121 + z. What is the highest common factor of 8 and g?
8
Let m(r) = r**2 + 6*r - 5. Let f = 7 + -14. Let c be m(f). Suppose -c*n - 8*g + 25 = -3*g, g = -n + 17. What is the highest common divisor of n and 80?
20
Let h be ((-16)/20)/((-1)/(-5)). Let a(s) = -s + 1. Let r be a(h). Calculate the highest common divisor of 45 and r.
5
Let o be ((-72)/(-198))/(8/44). What is the greatest common divisor of o and 262?
2
Let l be ((-1)/2)/(1/12). Let y be 4 + 138/(-3) + 3/(-1). Let v be y/l + (-2)/(-4). Calculate the highest common factor of v and 40.
8
Suppose 1 = 3*x - 5. Let f(u) = -2*u**2 + 6*u + 5 + 4*u**2 + u**x - 2*u**2. Let d be f(-7). What is the greatest common factor of 30 and d?
6
Let u(i) = -i**3 + 10*i**2 + 176*i - 39. Let f be u(19). Suppose -4*d - 5 = -37. What is the greatest common factor of d and f?
8
Let o = -773 + 1263. What is the greatest common factor of 10 and o?
10
Suppose -r + 2*r = 4, -u + 27 = 3*r. Suppose -x - u = -6*x. Suppose 5*h - x*o = 2*o + 115, -o - 5 = 0. What is the greatest common divisor of h and 6?
6
Suppose -5*z + 3*n + 83 = -284, 4*z - 293 = 3*n. Let c = z + -11. Calculate the highest common divisor of c and 7.
7
Let p be 2/(-1) + 0 + 2. Let t = 7 - p. Let q be -3 + 11 - (2 - 0 - 1). What is the greatest common factor of t and q?
7
Suppose -7*i - 111 = -286. Calculate the highest common divisor of 1325 and i.
25
Suppose -25*h + 41 = -259. Calculate the highest common factor of h and 228.
12
Let q be -6*2/((-4)/9). Let a be (-3*26/(-12))/((-1)/4). Let y = 44 + a. What is the greatest common divisor of q and y?
9
Suppose -31 = -4*d - 3*r, 0 = -4*d - 0*r + 3*r + 1. Let p be d - (-2 + 5 - 76). What is the highest common divisor of p and 11?
11
Let m be (48/30)/((-2)/60). Let j = -26 + 116. Let x = m + j. What is the highest common divisor of 14 and x?
14
Let h = -42 + 63. Let p be ((-54)/h)/(2/14). Let d be -4 + (-2)/(-2) - p. What is the greatest common factor of 165 and d?
15
Let h(y) = -y**2 + y + 2. Let l be h(3). Let v(f) = -2*f**3 + f**2 - 9. Let u be v(l). Calculate the greatest common divisor of u and 15.
15
Let k = -4 - -12. Let m = -115 - -139. Calculate the highest common divisor of m and k.
8
Let f be 1 + 0 + 14/1. Suppose 756 = 4*w + 2*d, -2*w + 3*d = -206 - 180. Let m = -85 + w. What is the greatest common divisor of m and f?
15
Suppose 2*a = p - 539, 4*p - 2*p - 3*a = 1076. Suppose 4*t - 670 = -5*n - 0*n, -p = -4*n - 3*t. Calculate the greatest common factor of n and 10.
10
Let p be 2 - 108/(-2) - (-21 - -22). What is the greatest common factor of p and 220?
55
Let g(r) = 8*r**3 - r**2 + 6*r - 3. Let y be g(4). Suppose -59 = -2*j + 35. What is the greatest common divisor of j and y?
47
Let k = -275 + 292. Calculate the highest common factor of 153 and k.
17
Let c = 20 - 43. Let q = -20 - c. Let n(s) = -3*s. Let i be n(-3). Calculate the highest common factor of i and q.
3
Let j be (-7)/((-7)/10)*20/50. Let a = 0 + 0. Let c be 3 - (a + 2 + -1). Calculate the greatest common divisor of c and j.
2
Let g = 19 - 18. Let c be g/((-1)/(-9 - 3)). Calculate the highest common divisor of 36 and c.
12
Suppose 4*t = 36 - 12. Let w be ((-40)/(-16) - 7)*4/(-3). Calculate the greatest common divisor of w and t.
6
Let i(z) = 2*z + 27. Let k be i(0). Calculate the greatest common factor of k and 36.
9
Suppose 3*y - 5*i = 857, 4*y - 1152 = -i + 3*i. What is the highest common factor of 68 and y?
17
Suppose -2*y + 5*q - 7 = -0*q, 3*y + 4*q = 47. Let p(i) = -10*i + 10. Let m be p(7). Let n be (9 - m) + 4 + -1. Calculate the highest common divisor of y and n.
9
Suppose 4257 + 2469 = 6*w. What is the highest common factor of w and 19?
19
Let r be ((-57)/(-3))/((-5)/(-10)). Let b = -223 - r. Let w = 369 + b. What is the highest common factor of 27 and w?
27
Let t be (-87)/(-6) + (-3)/6. Suppose -4*i - k = -0*k + 4, -5*k - 20 = -4*i. Suppose -m + 21 + t = i. What is the greatest common factor of m and 5?
5
Let b = -1135 - -1555. Calculate the greatest common divisor of 240 and b.
60
Let x(u) = 2*u**2 - 12*u. Let j be x(6). Let m be -10*(-6)/48*(4 + j). Calculate the greatest common factor of m and 20.
5
Let b be (-5)/(15/9)*(-232)/24. Suppose 0 = 3*u + 16 - 79. Let c = b + u. Calculate the greatest common factor of c and 25.
25
Suppose 27*m = 8564 - 1679. Calculate the greatest common factor of m and 120.
15
Suppose 0 = -132*o + 136*o - 1012. Calculate the greatest common factor of 11 and o.
11
Let p be (-1)/(44/24) + 3004/22. What is the highest common divisor of p and 187?
17
Suppose 44*v = 28*v + 2240. Calculate the greatest common divisor of 220 and v.
20
Suppose 0 = -7*h + 1107 - 470. What is the greatest common factor of 182 and h?
91
Let m(q) = 30*q**3 - 90*q**3 + 56*q**3 + 43*q**3 + q. Let v be 3/1*(-1)/(-3). Let t be m(v). What is the highest common factor of t and 10?
10
Suppose -5*i = -3*i - 16. Suppose 11*n = i*n + 336. Calculate the greatest common divisor of 14 and n.
14
Let c be (34/51)/((-2)/(-15)). Suppose -c*m = -3*m - 38. Calculate the highest common divisor of m and 19.
19
Suppose 0 = 206*w - 202*w - 2240. What is the greatest common factor of w and 35?
35
Let k = 9 - -153. Let f = -7 + 11. Suppose f*x - 78 = -4*w + 2*x, 3 = x. Calculate the highest common factor of w and k.
18
Suppose 110*m - 118*m = -456. What is the greatest common factor of 9 and m?
3
